
Suppose -3*o + 3*k = -0*o - 27, 5*k + 5 = -5*o. Let y(z) = z**2 - 4*z + 5. Let n be y(o). List the prime factors of (-44)/(-3) + n/15.
3, 5
Let i(a) = 71*a**3 + 2*a**2 - 2*a. List the prime factors of i(1).
71
Suppose 4*h + 64 = 8*h. What are the prime factors of h?
2
Suppose -3*j - 4 = -28. What are the prime factors of (j - 12)*(-26)/8?
13
Suppose 7 = 2*m - 129. List the prime factors of m.
2, 17
Let x(o) = o**3 + 8*o**2 - 9. Let n = 12 + -19. List the prime factors of x(n).
2, 5
Let c = -2 + 0. Let g be 1*-1 - (-14)/c. Let b = 14 + g. List the prime factors of b.
2, 3
Let t be 0 + -1*(-2)/1. Suppose 3*p = 6*p - t*r - 4, -8 = -2*p - 4*r. What are the prime factors of p?
2
Suppose r = -0*r - 2. Let f = r + 21. Let y = f + -4. What are the prime factors of y?
3, 5
Let c = 12 - -32. List the prime factors of c.
2, 11
Suppose 0 = -2*o - 0*o - 4. Let s be -1 - (-2 + 8 + o). What are the prime factors of 20/s*(1 - 2)?
2
Suppose 5 - 53 = -2*n. List the prime factors of n.
2, 3
Suppose -4*t + 15 + 9 = 0. List the prime factors of t.
2, 3
Let o be 1/(1 - 2) - -1. Suppose o*z + 4*z = 32. List the prime factors of z.
2
Suppose -l + m = 2*l - 346, -1 = m. List the prime factors of l.
5, 23
Let y be (5 + -2)*7/3. Suppose y*z = 4*z + 66. What are the prime factors of z?
2, 11
Let c be -3 - -7 - (-4)/2. Suppose -4*p + 34 = -h - 10, -h + c = p. What are the prime factors of p?
2, 5
Let a(o) = 6*o**2 + 4*o - 4. List the prime factors of a(3).
2, 31
Suppose 0 = 2*z - 4*z - 3*s - 38, 0 = 4*z - 4*s + 36. Let d = z - -21. List the prime factors of d.
2
Suppose 44 = 3*f + 4*m, 4*m - 3 = 5. List the prime factors of f.
2, 3
Let n = -21 + 35. Suppose -3*p + w = -n, 21 - 1 = 5*p - w. Suppose 4*a = -p + 39. What are the prime factors of a?
3
Suppose 5*i + 121 = 2*a, 57 = a - 0*a + i. List the prime factors of a.
2, 29
Suppose 88 = 3*g + g. List the prime factors of g.
2, 11
Let q(x) = -x**3 + 8*x**2 - 6*x + 17. What are the prime factors of q(7)?
2, 3
Suppose -8*c + 4*c + 2*i + 170 = 0, c + 4*i - 38 = 0. What are the prime factors of c?
2, 3, 7
Let w = -43 + 66. Let y = 55 - w. Suppose -3*m + y = -1. List the prime factors of m.
11
Suppose -4*m + 237 = -5*a + 12, 51 = m - 3*a. List the prime factors of m/(-5)*(0 + -1).
2, 3
Let s = 11 - 15. What are the prime factors of 2 + s/(12/(-45))?
17
Suppose 368 = 5*t + 2*o, 2*o + 3*o + 124 = 2*t. What are the prime factors of t?
2, 3
Suppose 0 = -5*c + f - 230, -2*c + 0*f - f - 85 = 0. Let m be 1 - 2 - (c - -3). Suppose 4 = 5*n - m. What are the prime factors of n?
3
Suppose g = 4*l + 9, -5*g - 30 + 0 = 5*l. Let h = -17 + 19. List the prime factors of ((-2)/l)/(h/27).
3
Suppose -q + 2*q + 5*i = 8, 3*i = -2*q + 9. Suppose -6 = -2*c, q*c - c = 5*l - 194. List the prime factors of l.
2, 5
Let c(p) = p**2 - p. Let a be c(2). Suppose a*i - 37 = 71. What are the prime factors of i?
2, 3
What are the prime factors of 10 - (7/14)/((-1)/(-2))?
3
Let s = 161 - 9. List the prime factors of s.
2, 19
Let n = 65 + 27. What are the prime factors of n?
2, 23
Let y(o) = -o**2 + o - 4. Let k be y(4). What are the prime factors of 44/k*2*-4?
2, 11
Let s(m) = m**3 - m**2 + m. List the prime factors of s(3).
3, 7
Let x = 4 - 13. Let v = 11 + x. Suppose -14 = -2*f + v. List the prime factors of f.
2
Suppose 0 = -0*d + d - 2. Suppose 4 + 1 = -q + k, d*q = -5*k + 18. What are the prime factors of (5 - (0 - q)) + 1?
5
Let m(q) = q**3 + q**2 - q + 5. Let y be (-1 - -2)*(-3 - 1). Let v(z) = z**2 + 3*z - 4. Let t be v(y). List the prime factors of m(t).
5
Let w(p) = 107*p - 3. What are the prime factors of w(1)?
2, 13
Let s = 3 - -2. Let u = -2 + s. Suppose -c = u*v - 23, 4*c + 5*v - 72 = 3*v. What are the prime factors of c?
17
Let o be (-2 + 62)*4/10. Suppose 2*j - o = -j. List the prime factors of j.
2
Suppose 0*q + 4*q - 12 = 0. Suppose -30 = -2*l - 3*m, 0*l - 24 = -l + q*m. What are the prime factors of 1/(((-15)/l)/(-5))?
2, 3
Suppose -w = -0*w - 4. Suppose -5*z + w + 96 = 0. What are the prime factors of z?
2, 5
Suppose -30 = -3*m + 5*r - 8*r, 2*r = -m + 15. Suppose 2*h - m = 3. What are the prime factors of h?
2
Let j = -14 + 14. Suppose j = 4*h + 2*q - 46, 3*h - 2*q - 35 = -3*q. List the prime factors of h.
2, 3
Let n = 15 + -13. Suppose n = -j + 22. What are the prime factors of j?
2, 5
Let v(k) = -4*k**3 - 3*k - 1. Let c(g) = -2*g**2 - g + 1. Let o be c(1). What are the prime factors of v(o)?
37
Let f(k) = 2*k**2 + 2*k - 3. Let l be 4/(-4)*(3 + 0). What are the prime factors of f(l)?
3
Let x(l) = -3*l + 4. Let u be x(-5). Suppose u + 5 = 4*g. List the prime factors of g.
2, 3
Let c = 5 + 10. Let o = c - 7. What are the prime factors of o?
2
Let s = 174 + -124. Suppose 3*v - 20 = -2*a + v, -5*a - 3*v + s = 0. Let x = a - -3. List the prime factors of x.
13
Suppose -3*g - 2*d = -9, -13 = -5*g + d + 15. Suppose 2*s + 0*x - 2*x = 6, g*s - 2*x - 12 = 0. List the prime factors of s.
2
Let b = -10 - -12. List the prime factors of b - 1/1 - -3.
2
Suppose -6*o + 613 + 647 = 0. List the prime factors of o.
2, 3, 5, 7
Let h be 1/(10/(-4) + 2). Let r be 12 + -4 + h + -1. Suppose -10 = r*l - 40. List the prime factors of l.
2, 3
Suppose 0*k = -4*k + 716. What are the prime factors of k?
179
Let b(l) = -2 - 1 + 0*l + 2*l. Let m be 23/3 + 4/(-6). What are the prime factors of b(m)?
11
Let p(f) = -f**2 - 14*f + 5. List the prime factors of p(-11).
2, 19
Let u(c) be the second derivative of -11*c**3/6 + 8*c. What are the prime factors of u(-3)?
3, 11
Suppose -4*n - 28 = -88. Let p = n + -1. Suppose -p = 2*b - 4*b. List the prime factors of b.
7
Let k(m) = m**3 - 2*m**2 - 3*m + 4. List the prime factors of k(3).
2
List the prime factors of 4*10/4 - 3.
7
Suppose s + 5*l = 7, -4*l + 2 = s - 0*l. Let d = -10 - s. List the prime factors of d.
2
Suppose k + 4*k + 5 = 0. Let s be (k - -3) + (-1 - 5). List the prime factors of (-3 - -15) + (-1 - s).
3, 5
Suppose 0 = -3*l + 6 + 9. Suppose -l = -y - 1. Suppose 2*z + 10 = y*z. What are the prime factors of z?
5
Suppose -4*z + 20 = 0, z - 17 - 3 = -3*x. Suppose -x*b = -2*b - 129. Suppose -4*y + 58 = -2*n, 4*y - b - 18 = 5*n. What are the prime factors of y?
2, 7
Let n(c) = c**2 + 5*c + 1. Let g be n(-4). Let s = g - -19. Suppose 3*z + z = 2*q + 10, 4*z = -4*q + s. What are the prime factors of z?
3
Suppose 13*n - 14*n + 204 = 0. List the prime factors of n.
2, 3, 17
Let p(y) = -y**2 - 11*y + 4. Let d be p(-11). Let r be ((-1 - -1)/(-1))/(-2). Suppose r*q = -d*q - 5*t + 15, 4*t = -20. What are the prime factors of q?
2, 5
Suppose -3*t - 51 = -3*j, 3*t - 75 = -8*j + 4*j. Let f = j + 0. List the prime factors of f.
2, 3
What are the prime factors of (-1)/4 - 530/(-8)?
2, 3, 11
Let h = -5 + 8. Suppose g + 105 = 4*z, h*g = -2*z + 4*g + 55. What are the prime factors of z?
5
Let i = 109 - 33. List the prime factors of i.
2, 19
What are the prime factors of 72/20 - 3/5?
3
Suppose -f + 0*w = 2*w - 9, -3*w + 80 = 5*f. What are the prime factors of f?
19
Let o be (3 + -10)*(2 + -1). List the prime factors of (-400)/(-70) + (-2)/o.
2, 3
Let k(n) = -n**2 + 9*n - 1. Let z be k(7). Suppose -z - 12 = 5*s. Let m = s + 7. List the prime factors of m.
2
Suppose 4*p - p - 57 = 0. List the prime factors of p.
19
Suppose 0 = -l - 5, 4*z - 275 = -0*z - 5*l. List the prime factors of z.
3, 5
Let q(g) = -2*g**2 - 4*g**3 + 2*g - 2*g - g. Let p be q(-1). Suppose -y = p*h + 2*h - 17, -4*h = 2*y - 16. What are the prime factors of y?
2
Suppose 4*l + 0 = -2*y + 12, 0 = -l + 2. Suppose -4*u = -2*d - 18, 5*d = -u + y*u + 9. What are the prime factors of u?
2, 3
List the prime factors of 36/30*35/2.
3, 7
Suppose 0 = 4*v + v. Let u = v + 2. Suppose 0*r - u*k - 32 = -4*r, r = 4*k + 15. List the prime factors of r.
7
Let v be 1 + (0 + 9)/3. Let m be (0/(v - 2))/1. Suppose 3*b - 17 - 1 = m. List the prime factors of b.
2, 3
Let d(i) = -i - 3. What are the prime factors of d(-5)?
2
Suppose p = -0 + 2. Let n(z) = 2*z**3 - 2*z**2 + z + 1. List the prime factors of n(p).
11
Let w(s) = 2*s - 5. Let h be w(0). What are the prime factors of h*-23*2/5?
2, 23
Suppose -87 - 21 = -4*i + 5*o, 0 = -2*o. Let n = i - 12. What are the prime factors of n?
3, 5
Let k(h) = 3 + 5*h**2 + h**3 + 2*h - 2*h**2 + 1 + 2*h**2. Suppose -2*v - 6 = -0*v. List the prime factors of